{"id":98,"date":"2019-02-06T13:06:24","date_gmt":"2019-02-06T13:06:24","guid":{"rendered":"http:\/\/lichri.radeln-in-den-sonnenaufgang.de\/?page_id=98"},"modified":"2019-11-26T07:55:53","modified_gmt":"2019-11-26T07:55:53","slug":"2-go-glocal","status":"publish","type":"page","link":"http:\/\/lichri.radeln-in-den-sonnenaufgang.de\/","title":{"rendered":"2 Go Glocal"},"content":{"rendered":"<h1><strong>Lisa und Chris reisen um die Welt<\/strong><\/h1>\n<h3>&#8230; nat\u00fcrlich ohne langweilige Flugzeuge.<\/h3>\n<p>Herzlich willkommen zu unserem Blog. Wir sind Lisa und Chris, Sozialarbeiterin und Regionalentwickler. Nachdem Chris sein Masterstudium im vergangenen Dezember 2018 erfolgreich abschloss und Lisa ihren Job ebenso erfolgreich gek\u00fcndigt hat, geht unser gemeinsames Leben &amp; Lernen mit dieser Reise in eine neue Phase &#8211; und wir sind aufgeregt!<\/p>\n<p>Auf den Seiten unserer Homepage erf\u00e4hrst du mehr \u00fcber Uns, die Idee hinter und die grobe Route unserer &#8222;Reise um die Welt&#8220;, zu welche sich viel Sehnsucht, Gott- und Menschenvertrauen und ein paar fixe Ideen inzwischen ausgewachsen haben.<\/p>\n<p>Wir freuen uns, wenn wir hier Inspirationen und Erfahrungen teilen k\u00f6nnen und so nicht nur den lieben Zur\u00fcckgebliebenen Lebenszeichen schicken, sondern Geschichten und Einsichten weitergeben k\u00f6nnen. Auf dass wir finden, was wir suchen! \ud83d\ude42<\/p>\n","protected":false},"excerpt":{"rendered":"<p>Lisa und Chris reisen um die Welt &#8230; nat\u00fcrlich ohne langweilige Flugzeuge. Herzlich willkommen zu unserem Blog. Wir sind Lisa und Chris, Sozialarbeiterin und Regionalentwickler. Nachdem Chris sein Masterstudium im vergangenen Dezember 2018 erfolgreich abschloss und Lisa ihren Job ebenso erfolgreich gek\u00fcndigt hat, geht unser gemeinsames Leben &amp; Lernen mit dieser Reise in eine neue &hellip; <\/p>\n<p class=\"link-more\"><a href=\"http:\/\/lichri.radeln-in-den-sonnenaufgang.de\/\" class=\"more-link\"><span class=\"screen-reader-text\">\u201e2 Go Glocal\u201c<\/span> weiterlesen<\/a><\/p>\n","protected":false},"author":3,"featured_media":0,"parent":0,"menu_order":0,"comment_status":"closed","ping_status":"closed","template":"","meta":[],"_links":{"self":[{"href":"http:\/\/lichri.radeln-in-den-sonnenaufgang.de\/index.php?rest_route=\/wp\/v2\/pages\/98"}],"collection":[{"href":"http:\/\/lichri.radeln-in-den-sonnenaufgang.de\/index.php?rest_route=\/wp\/v2\/pages"}],"about":[{"href":"http:\/\/lichri.radeln-in-den-sonnenaufgang.de\/index.php?rest_route=\/wp\/v2\/types\/page"}],"author":[{"embeddable":true,"href":"http:\/\/lichri.radeln-in-den-sonnenaufgang.de\/index.php?rest_route=\/wp\/v2\/users\/3"}],"replies":[{"embeddable":true,"href":"http:\/\/lichri.radeln-in-den-sonnenaufgang.de\/index.php?rest_route=%2Fwp%2Fv2%2Fcomments&post=98"}],"version-history":[{"count":5,"href":"http:\/\/lichri.radeln-in-den-sonnenaufgang.de\/index.php?rest_route=\/wp\/v2\/pages\/98\/revisions"}],"predecessor-version":[{"id":1265,"href":"http:\/\/lichri.radeln-in-den-sonnenaufgang.de\/index.php?rest_route=\/wp\/v2\/pages\/98\/revisions\/1265"}],"wp:attachment":[{"href":"http:\/\/lichri.radeln-in-den-sonnenaufgang.de\/index.php?rest_route=%2Fwp%2Fv2%2Fmedia&parent=98"}],"curies":[{"name":"wp","href":"https:\/\/api.w.org\/{rel}","templated":true}]}}

<h1><strong>Lisa und Chris reisen um die Welt</strong></h1>
<h3>&#8230; natürlich ohne langweilige Flugzeuge.</h3>
<p>Herzlich willkommen zu unserem Blog. Wir sind Lisa und Chris, Sozialarbeiterin und Regionalentwickler. Nachdem Chris sein Masterstudium im vergangenen Dezember 2018 erfolgreich abschloss und Lisa ihren Job ebenso erfolgreich gekündigt hat, geht unser gemeinsames Leben &amp; Lernen mit dieser Reise in eine neue Phase &#8211; und wir sind aufgeregt!</p>
<p>Auf den Seiten unserer Homepage erfährst du mehr über Uns, die Idee hinter und die grobe Route unserer &#8222;Reise um die Welt&#8220;, zu welche sich viel Sehnsucht, Gott- und Menschenvertrauen und ein paar fixe Ideen inzwischen ausgewachsen haben.</p>
<p>Wir freuen uns, wenn wir hier Inspirationen und Erfahrungen teilen können und so nicht nur den lieben Zurückgebliebenen Lebenszeichen schicken, sondern Geschichten und Einsichten weitergeben können. Auf dass wir finden, was wir suchen! 🙂</p>

<p>Lisa und Chris reisen um die Welt &#8230; natürlich ohne langweilige Flugzeuge. Herzlich willkommen zu unserem Blog. Wir sind Lisa und Chris, Sozialarbeiterin und Regionalentwickler. Nachdem Chris sein Masterstudium im vergangenen Dezember 2018 erfolgreich abschloss und Lisa ihren Job ebenso erfolgreich gekündigt hat, geht unser gemeinsames Leben &amp; Lernen mit dieser Reise in eine neue &hellip; </p>
<p class="link-more"><a href="http://lichri.radeln-in-den-sonnenaufgang.de/" class="more-link"><span class="screen-reader-text">„2 Go Glocal“</span> weiterlesen</a></p>
