{"id":23,"date":"2019-01-29T15:58:38","date_gmt":"2019-01-29T15:58:38","guid":{"rendered":"http:\/\/lichri.radeln-in-den-sonnenaufgang.de\/?page_id=23"},"modified":"2019-02-07T11:50:18","modified_gmt":"2019-02-07T11:50:18","slug":"2-learn-2-love","status":"publish","type":"page","link":"http:\/\/lichri.radeln-in-den-sonnenaufgang.de\/?page_id=23","title":{"rendered":"2 Learn &#038; 2 Love"},"content":{"rendered":"\n<p>Job gek\u00fcndigt, Master beendet &#8211; jetzt hei\u00dft es Satteltaschen packen und los! Ohne zu fliegen soweit wie m\u00f6glich um die Welt kommen &#8211; und dabei so lokal bleiben wie m\u00f6glich. <\/p>\n\n\n\n<p>Uns geht es darum Menschen kennenzulernen, von und mit ihnen zu lernen, anzupacken, wo Hilfe gebraucht wird und wof\u00fcr unsere Herzen brennen: eine gerechtere und nachhaltigere Welt! <br> Diese Reise wird unsere Walz, unsere Wanderschaftsjahre. Wir wollen die Welt erfahren, Abenteuer mit Menschen und Gott erleben und geben was wir haben auf dieser Reise, um Segen zu sein &#8211; aber auch um Vertrauen zu lernen. Wir wollen Geschichten h\u00f6ren, erleben und weitergeben, Glaube, Liebe und Hoffnung wachsen lassen.<br> Und mit hoffentlich vielen Erfahrungen aus Community Projekten, aber auch neuen Denk- und Handlungsweisen, dann zuhause &#8211; oder wohin wir uns schlie\u00dflich berufen f\u00fchlen &#8211; Anst\u00f6\u00dfe geben, Gemeinschaften st\u00e4rken, Lebensr\u00e4ume entwickeln und dienend N\u00e4chstenlieben leben k\u00f6nnen.<\/p>\n","protected":false},"excerpt":{"rendered":"<p>Job gek\u00fcndigt, Master beendet &#8211; jetzt hei\u00dft es Satteltaschen packen und los! Ohne zu fliegen soweit wie m\u00f6glich um die Welt kommen &#8211; und dabei so lokal bleiben wie m\u00f6glich. Uns geht es darum Menschen kennenzulernen, von und mit ihnen zu lernen, anzupacken, wo Hilfe gebraucht wird und wof\u00fcr unsere Herzen brennen: eine gerechtere und &hellip; <\/p>\n<p class=\"link-more\"><a href=\"http:\/\/lichri.radeln-in-den-sonnenaufgang.de\/?page_id=23\" class=\"more-link\"><span class=\"screen-reader-text\">\u201e2 Learn &#038; 2 Love\u201c<\/span> weiterlesen<\/a><\/p>\n","protected":false},"author":3,"featured_media":0,"parent":0,"menu_order":0,"comment_status":"closed","ping_status":"closed","template":"","meta":[],"_links":{"self":[{"href":"http:\/\/lichri.radeln-in-den-sonnenaufgang.de\/index.php?rest_route=\/wp\/v2\/pages\/23"}],"collection":[{"href":"http:\/\/lichri.radeln-in-den-sonnenaufgang.de\/index.php?rest_route=\/wp\/v2\/pages"}],"about":[{"href":"http:\/\/lichri.radeln-in-den-sonnenaufgang.de\/index.php?rest_route=\/wp\/v2\/types\/page"}],"author":[{"embeddable":true,"href":"http:\/\/lichri.radeln-in-den-sonnenaufgang.de\/index.php?rest_route=\/wp\/v2\/users\/3"}],"replies":[{"embeddable":true,"href":"http:\/\/lichri.radeln-in-den-sonnenaufgang.de\/index.php?rest_route=%2Fwp%2Fv2%2Fcomments&post=23"}],"version-history":[{"count":2,"href":"http:\/\/lichri.radeln-in-den-sonnenaufgang.de\/index.php?rest_route=\/wp\/v2\/pages\/23\/revisions"}],"predecessor-version":[{"id":122,"href":"http:\/\/lichri.radeln-in-den-sonnenaufgang.de\/index.php?rest_route=\/wp\/v2\/pages\/23\/revisions\/122"}],"wp:attachment":[{"href":"http:\/\/lichri.radeln-in-den-sonnenaufgang.de\/index.php?rest_route=%2Fwp%2Fv2%2Fmedia&parent=23"}],"curies":[{"name":"wp","href":"https:\/\/api.w.org\/{rel}","templated":true}]}}

<p>Job gekündigt, Master beendet &#8211; jetzt heißt es Satteltaschen packen und los! Ohne zu fliegen soweit wie möglich um die Welt kommen &#8211; und dabei so lokal bleiben wie möglich. </p>



<p>Uns geht es darum Menschen kennenzulernen, von und mit ihnen zu lernen, anzupacken, wo Hilfe gebraucht wird und wofür unsere Herzen brennen: eine gerechtere und nachhaltigere Welt! <br> Diese Reise wird unsere Walz, unsere Wanderschaftsjahre. Wir wollen die Welt erfahren, Abenteuer mit Menschen und Gott erleben und geben was wir haben auf dieser Reise, um Segen zu sein &#8211; aber auch um Vertrauen zu lernen. Wir wollen Geschichten hören, erleben und weitergeben, Glaube, Liebe und Hoffnung wachsen lassen.<br> Und mit hoffentlich vielen Erfahrungen aus Community Projekten, aber auch neuen Denk- und Handlungsweisen, dann zuhause &#8211; oder wohin wir uns schließlich berufen fühlen &#8211; Anstöße geben, Gemeinschaften stärken, Lebensräume entwickeln und dienend Nächstenlieben leben können.</p>

<p>Job gekündigt, Master beendet &#8211; jetzt heißt es Satteltaschen packen und los! Ohne zu fliegen soweit wie möglich um die Welt kommen &#8211; und dabei so lokal bleiben wie möglich. Uns geht es darum Menschen kennenzulernen, von und mit ihnen zu lernen, anzupacken, wo Hilfe gebraucht wird und wofür unsere Herzen brennen: eine gerechtere und &hellip; </p>
<p class="link-more"><a href="http://lichri.radeln-in-den-sonnenaufgang.de/?page_id=23" class="more-link"><span class="screen-reader-text">„2 Learn &#038; 2 Love“</span> weiterlesen</a></p>
