{"id":21,"date":"2019-01-29T15:58:38","date_gmt":"2019-01-29T15:58:38","guid":{"rendered":"http:\/\/lichri.radeln-in-den-sonnenaufgang.de\/?page_id=21"},"modified":"2019-11-26T08:00:26","modified_gmt":"2019-11-26T08:00:26","slug":"give-get","status":"publish","type":"page","link":"http:\/\/lichri.radeln-in-den-sonnenaufgang.de\/?page_id=21","title":{"rendered":"Give &#038; Get"},"content":{"rendered":"\n<p>Wie das Leben, besser gesagt, ein gutes Leben, so soll auch unsere Reise von Geben und Empfangen gepr\u00e4gt sein. Wo wir von Freunden wie Fremden aufgenommen und versorgt werden, wollen wir uns einbringen, unsere Geschichten und Erfahrungen und unsere Begabungen teilen. Und zu weilen sind wir in auch in der sch\u00f6nen Situation, Geldsegen, wie den von Lukas f\u00fcr unsere Reise, an andere weiter zu geben, die wir hier treffen und es gut gebrauchen k\u00f6nnen.<\/p>\n\n\n\n<p>\u00dcber die allt\u00e4glichen Begegnungen unserer Reise hinaus werden wir auch die Augen nach Projekten offenhalten, in die wir uns einbringen k\u00f6nnen und von denen wir zu lernen hoffen.<\/p>\n","protected":false},"excerpt":{"rendered":"<p>Wie das Leben, besser gesagt, ein gutes Leben, so soll auch unsere Reise von Geben und Empfangen gepr\u00e4gt sein. Wo wir von Freunden wie Fremden aufgenommen und versorgt werden, wollen wir uns einbringen, unsere Geschichten und Erfahrungen und unsere Begabungen teilen. Und zu weilen sind wir in auch in der sch\u00f6nen Situation, Geldsegen, wie den &hellip; <\/p>\n<p class=\"link-more\"><a href=\"http:\/\/lichri.radeln-in-den-sonnenaufgang.de\/?page_id=21\" class=\"more-link\"><span class=\"screen-reader-text\">\u201eGive &#038; Get\u201c<\/span> weiterlesen<\/a><\/p>\n","protected":false},"author":3,"featured_media":0,"parent":0,"menu_order":0,"comment_status":"closed","ping_status":"closed","template":"","meta":[],"_links":{"self":[{"href":"http:\/\/lichri.radeln-in-den-sonnenaufgang.de\/index.php?rest_route=\/wp\/v2\/pages\/21"}],"collection":[{"href":"http:\/\/lichri.radeln-in-den-sonnenaufgang.de\/index.php?rest_route=\/wp\/v2\/pages"}],"about":[{"href":"http:\/\/lichri.radeln-in-den-sonnenaufgang.de\/index.php?rest_route=\/wp\/v2\/types\/page"}],"author":[{"embeddable":true,"href":"http:\/\/lichri.radeln-in-den-sonnenaufgang.de\/index.php?rest_route=\/wp\/v2\/users\/3"}],"replies":[{"embeddable":true,"href":"http:\/\/lichri.radeln-in-den-sonnenaufgang.de\/index.php?rest_route=%2Fwp%2Fv2%2Fcomments&post=21"}],"version-history":[{"count":2,"href":"http:\/\/lichri.radeln-in-den-sonnenaufgang.de\/index.php?rest_route=\/wp\/v2\/pages\/21\/revisions"}],"predecessor-version":[{"id":1266,"href":"http:\/\/lichri.radeln-in-den-sonnenaufgang.de\/index.php?rest_route=\/wp\/v2\/pages\/21\/revisions\/1266"}],"wp:attachment":[{"href":"http:\/\/lichri.radeln-in-den-sonnenaufgang.de\/index.php?rest_route=%2Fwp%2Fv2%2Fmedia&parent=21"}],"curies":[{"name":"wp","href":"https:\/\/api.w.org\/{rel}","templated":true}]}}

<p>Wie das Leben, besser gesagt, ein gutes Leben, so soll auch unsere Reise von Geben und Empfangen geprägt sein. Wo wir von Freunden wie Fremden aufgenommen und versorgt werden, wollen wir uns einbringen, unsere Geschichten und Erfahrungen und unsere Begabungen teilen. Und zu weilen sind wir in auch in der schönen Situation, Geldsegen, wie den von Lukas für unsere Reise, an andere weiter zu geben, die wir hier treffen und es gut gebrauchen können.</p>



<p>Über die alltäglichen Begegnungen unserer Reise hinaus werden wir auch die Augen nach Projekten offenhalten, in die wir uns einbringen können und von denen wir zu lernen hoffen.</p>

<p>Wie das Leben, besser gesagt, ein gutes Leben, so soll auch unsere Reise von Geben und Empfangen geprägt sein. Wo wir von Freunden wie Fremden aufgenommen und versorgt werden, wollen wir uns einbringen, unsere Geschichten und Erfahrungen und unsere Begabungen teilen. Und zu weilen sind wir in auch in der schönen Situation, Geldsegen, wie den &hellip; </p>
<p class="link-more"><a href="http://lichri.radeln-in-den-sonnenaufgang.de/?page_id=21" class="more-link"><span class="screen-reader-text">„Give &#038; Get“</span> weiterlesen</a></p>
