{"id":20,"date":"2019-01-29T15:58:38","date_gmt":"2019-01-29T15:58:38","guid":{"rendered":"http:\/\/lichri.radeln-in-den-sonnenaufgang.de\/?page_id=20"},"modified":"2019-03-06T14:22:43","modified_gmt":"2019-03-06T14:22:43","slug":"glocal","status":"publish","type":"page","link":"http:\/\/lichri.radeln-in-den-sonnenaufgang.de\/?page_id=20","title":{"rendered":"GLOCAL"},"content":{"rendered":"\n<h4>Global reisen, lokal unterwegs sein: Das ist die Idee. Aber was ist damit gemeint? <\/h4>\n\n\n\n<p>Wir Europ\u00e4er, insbesondere wir Deutschen haben das gro\u00dfe Privileg, mit unserem Pass in fast jedes Land der Welt einreisen zu d\u00fcrfen &#8211; und k\u00f6nnen das meistens auch. Als eines der reisefreudigsten V\u00f6lkchen (ich w\u00fcrde mal sagen: DAS reisefreudigste), sind wir auch so ziemlich in jedem Land zu finden, denn wir haben nicht nur den Pass, wir haben auch das Geld. Wir sind eine der reichsten Nationen, z\u00e4hlen zu den reichsten Menschen der Welt. Und wir sind ziemlich abgehoben. \u00dcber die Armen Ecken der Welt fliegen wir hinweg an sonnige Str\u00e4nde, sobald uns die 20 Grad Sommer hier nicht reichen oder uns der nasse Winter zu <em>b\u00e4h<\/em> wird. Dabei verlieren wir leider einiges aus dem Blick. Klar, reisen bildet und ich liebe es. Aber ich will nicht mehr nur die sch\u00f6nen Ecken der Welt sehn. Ich will auch die andere Seite sehn, die zu ihr genauso dazugeh\u00f6rt. Sonst ist die Bildung doch auch ein St\u00fcck nur Einbildung, oder? <\/p>\n\n\n\n<p>Auf unserer Reise wollen wir Menschen begegnen, den einfachen, als Mitmenschen, nicht als Hotelg\u00e4ste. Wir wollen sie kennenlernen, Ihre Meinungen Erfahren, ihre Lebensumst\u00e4nde, lernen woran sie glauben und wof\u00fcr sie leben. Wir wollen unterwegs sein mit ihnen, wie sie. Das klingt vielleicht nach einer romantisiert-verpackten Low-Budget Backpacking-Vorstellung, aber nicht weniger als das erhoffen wir uns davon. Wir wollen Gemeinschaften kennenlernen, Geschichten mitbringen, h\u00f6ren und weitertragen. Eben lokal unterwegs sein, soweit uns dies auf unserer Reise m\u00f6glich ist. <\/p>\n\n\n\n<p>Und nicht zuletzt ist uns eines besonders wichtig: so nachhaltig, solidarisch und so <em>sinnvoll<\/em> zu reisen, wie es geht. Denn diese Reise wird nicht nur ein Abenteuer, sondern auch eine Wanderschaft!<\/p>\n\n\n\n<p>Auf unserem Weg suchen wir nicht Touristenattraktionen,\nsondern Natur und Landsleute. Ohne zu fliegen, was sich f\u00fcr uns aus\nKlimaschutzgr\u00fcnden und globalen Gerechtigkeitsfragen verbietet, wollen wir am\nPuls der locals bleiben. Unsere Mobilit\u00e4t bestimmen daher Fahrr\u00e4der, Schuhwerk\nund Schienen, unsere N\u00e4chte das Sternenbaldachin, Zeltw\u00e4nde und gecrashte\nCouches. Und was uns bei alle dem besonders interessiert: Wie gestalten die\nMenschen auf diesem Weg ihr Leben, ihre Gemeinschaften, ihre Zukunft? Welche\nL\u00f6sungen finden sie f\u00fcr sich? Diesen Fragen der nachhaltigen <em>Community Development<\/em> und alternativer Entwicklungskonzepte\nwollen wir w\u00e4hrend unserer Reise durch Mitarbeit in unterschiedlichen Projekten\nauf den Grund gehen. <\/p>\n\n\n\n<p>\u00d6kologisch vertr\u00e4glich, solidarisch vertrauensvoll, begeistert neugierig und nah dran &#8211; so gehen wir <em>glocal<\/em>!<br><\/p>\n","protected":false},"excerpt":{"rendered":"<p>Global reisen, lokal unterwegs sein: Das ist die Idee. Aber was ist damit gemeint? Wir Europ\u00e4er, insbesondere wir Deutschen haben das gro\u00dfe Privileg, mit unserem Pass in fast jedes Land der Welt einreisen zu d\u00fcrfen &#8211; und k\u00f6nnen das meistens auch. Als eines der reisefreudigsten V\u00f6lkchen (ich w\u00fcrde mal sagen: DAS reisefreudigste), sind wir auch &hellip; <\/p>\n<p class=\"link-more\"><a href=\"http:\/\/lichri.radeln-in-den-sonnenaufgang.de\/?page_id=20\" class=\"more-link\"><span class=\"screen-reader-text\">\u201eGLOCAL\u201c<\/span> weiterlesen<\/a><\/p>\n","protected":false},"author":3,"featured_media":0,"parent":0,"menu_order":0,"comment_status":"closed","ping_status":"closed","template":"","meta":[],"_links":{"self":[{"href":"http:\/\/lichri.radeln-in-den-sonnenaufgang.de\/index.php?rest_route=\/wp\/v2\/pages\/20"}],"collection":[{"href":"http:\/\/lichri.radeln-in-den-sonnenaufgang.de\/index.php?rest_route=\/wp\/v2\/pages"}],"about":[{"href":"http:\/\/lichri.radeln-in-den-sonnenaufgang.de\/index.php?rest_route=\/wp\/v2\/types\/page"}],"author":[{"embeddable":true,"href":"http:\/\/lichri.radeln-in-den-sonnenaufgang.de\/index.php?rest_route=\/wp\/v2\/users\/3"}],"replies":[{"embeddable":true,"href":"http:\/\/lichri.radeln-in-den-sonnenaufgang.de\/index.php?rest_route=%2Fwp%2Fv2%2Fcomments&post=20"}],"version-history":[{"count":5,"href":"http:\/\/lichri.radeln-in-den-sonnenaufgang.de\/index.php?rest_route=\/wp\/v2\/pages\/20\/revisions"}],"predecessor-version":[{"id":171,"href":"http:\/\/lichri.radeln-in-den-sonnenaufgang.de\/index.php?rest_route=\/wp\/v2\/pages\/20\/revisions\/171"}],"wp:attachment":[{"href":"http:\/\/lichri.radeln-in-den-sonnenaufgang.de\/index.php?rest_route=%2Fwp%2Fv2%2Fmedia&parent=20"}],"curies":[{"name":"wp","href":"https:\/\/api.w.org\/{rel}","templated":true}]}}

<h4>Global reisen, lokal unterwegs sein: Das ist die Idee. Aber was ist damit gemeint? </h4>



<p>Wir Europäer, insbesondere wir Deutschen haben das große Privileg, mit unserem Pass in fast jedes Land der Welt einreisen zu dürfen &#8211; und können das meistens auch. Als eines der reisefreudigsten Völkchen (ich würde mal sagen: DAS reisefreudigste), sind wir auch so ziemlich in jedem Land zu finden, denn wir haben nicht nur den Pass, wir haben auch das Geld. Wir sind eine der reichsten Nationen, zählen zu den reichsten Menschen der Welt. Und wir sind ziemlich abgehoben. Über die Armen Ecken der Welt fliegen wir hinweg an sonnige Strände, sobald uns die 20 Grad Sommer hier nicht reichen oder uns der nasse Winter zu <em>bäh</em> wird. Dabei verlieren wir leider einiges aus dem Blick. Klar, reisen bildet und ich liebe es. Aber ich will nicht mehr nur die schönen Ecken der Welt sehn. Ich will auch die andere Seite sehn, die zu ihr genauso dazugehört. Sonst ist die Bildung doch auch ein Stück nur Einbildung, oder? </p>



<p>Auf unserer Reise wollen wir Menschen begegnen, den einfachen, als Mitmenschen, nicht als Hotelgäste. Wir wollen sie kennenlernen, Ihre Meinungen Erfahren, ihre Lebensumstände, lernen woran sie glauben und wofür sie leben. Wir wollen unterwegs sein mit ihnen, wie sie. Das klingt vielleicht nach einer romantisiert-verpackten Low-Budget Backpacking-Vorstellung, aber nicht weniger als das erhoffen wir uns davon. Wir wollen Gemeinschaften kennenlernen, Geschichten mitbringen, hören und weitertragen. Eben lokal unterwegs sein, soweit uns dies auf unserer Reise möglich ist. </p>



<p>Und nicht zuletzt ist uns eines besonders wichtig: so nachhaltig, solidarisch und so <em>sinnvoll</em> zu reisen, wie es geht. Denn diese Reise wird nicht nur ein Abenteuer, sondern auch eine Wanderschaft!</p>



<p>Auf unserem Weg suchen wir nicht Touristenattraktionen,
sondern Natur und Landsleute. Ohne zu fliegen, was sich für uns aus
Klimaschutzgründen und globalen Gerechtigkeitsfragen verbietet, wollen wir am
Puls der locals bleiben. Unsere Mobilität bestimmen daher Fahrräder, Schuhwerk
und Schienen, unsere Nächte das Sternenbaldachin, Zeltwände und gecrashte
Couches. Und was uns bei alle dem besonders interessiert: Wie gestalten die
Menschen auf diesem Weg ihr Leben, ihre Gemeinschaften, ihre Zukunft? Welche
Lösungen finden sie für sich? Diesen Fragen der nachhaltigen <em>Community Development</em> und alternativer Entwicklungskonzepte
wollen wir während unserer Reise durch Mitarbeit in unterschiedlichen Projekten
auf den Grund gehen. </p>



<p>Ökologisch verträglich, solidarisch vertrauensvoll, begeistert neugierig und nah dran &#8211; so gehen wir <em>glocal</em>!<br></p>

<p>Global reisen, lokal unterwegs sein: Das ist die Idee. Aber was ist damit gemeint? Wir Europäer, insbesondere wir Deutschen haben das große Privileg, mit unserem Pass in fast jedes Land der Welt einreisen zu dürfen &#8211; und können das meistens auch. Als eines der reisefreudigsten Völkchen (ich würde mal sagen: DAS reisefreudigste), sind wir auch &hellip; </p>
<p class="link-more"><a href="http://lichri.radeln-in-den-sonnenaufgang.de/?page_id=20" class="more-link"><span class="screen-reader-text">„GLOCAL“</span> weiterlesen</a></p>
