{"id":18,"date":"2019-01-29T15:58:38","date_gmt":"2019-01-29T15:58:38","guid":{"rendered":"http:\/\/lichri.radeln-in-den-sonnenaufgang.de\/?page_id=18"},"modified":"2019-02-04T18:50:39","modified_gmt":"2019-02-04T18:50:39","slug":"2-lisa-chris","status":"publish","type":"page","link":"http:\/\/lichri.radeln-in-den-sonnenaufgang.de\/?page_id=18","title":{"rendered":"&#8222;2&#8220;: Lisa &#038; Chris"},"content":{"rendered":"<p style=\"text-align: center;\">\u00a0Hi, wir sind<br \/><strong>Chris &amp; Lisa<\/strong><br \/><em>&#8211; die Weltreisenden &#8211;<\/em><\/p>\r\n\r\n<div class=\"wp-block-media-text alignwide has-media-on-the-right\" style=\"grid-template-columns: auto 42%;\">\r\n<figure class=\"wp-block-media-text__media\"><img decoding=\"async\" loading=\"lazy\" width=\"1024\" height=\"729\" class=\"wp-image-61\" src=\"http:\/\/lichri.radeln-in-den-sonnenaufgang.de\/wp-content\/uploads\/2019\/02\/Schweden-13-1024x729.jpg\" alt=\"\" srcset=\"http:\/\/lichri.radeln-in-den-sonnenaufgang.de\/wp-content\/uploads\/2019\/02\/Schweden-13-1024x729.jpg 1024w, http:\/\/lichri.radeln-in-den-sonnenaufgang.de\/wp-content\/uploads\/2019\/02\/Schweden-13-300x214.jpg 300w, http:\/\/lichri.radeln-in-den-sonnenaufgang.de\/wp-content\/uploads\/2019\/02\/Schweden-13-768x547.jpg 768w, http:\/\/lichri.radeln-in-den-sonnenaufgang.de\/wp-content\/uploads\/2019\/02\/Schweden-13.jpg 1361w\" sizes=\"(max-width: 767px) 89vw, (max-width: 1000px) 54vw, (max-width: 1071px) 543px, 580px\" \/><\/figure>\r\n<div class=\"wp-block-media-text__content\">\r\n<h5>Lisa \u00fcber Chris<\/h5>\r\n\r\n\r\n\r\n<p>Der Mann, der nicht erwachsen werden m\u00f6chte &#8211; zumindest in manchen Lebensbereichen. Er ist jemand, der in kurzer Zeit dein Herz erobern kann durch seine offene Art.\u00a0 Er ist der Abenteurer von uns beiden &#8211; neugierig und manchmal ziemlich rastlos.<\/p>\r\n<\/div>\r\n<\/div>\r\n\r\n\r\n\r\n<p style=\"padding-left: 30px;\">In der Natur geht es ihm gut. Stundenlang kann er im Wald verschwinden um Biber zu beobachten und die Frau fragt sich zuhause, wo er denn steckt. Chris hat nicht verlernt zu spielen &#8211; ein gro\u00dfes Privileg f\u00fcr einen Ende Zwanziger. Immer wieder fordert er mich heraus neues zu wagen und unbekannte Wege zu gehen. Wie auch jetzt bei dieser Reise wieder. Das ist ein Punkt, der f\u00fcr mich ziemlich anstrengend sein kann, f\u00fcr den ich aber auch extrem dankbar bin!<\/p>\r\n\r\n\r\n\r\n<p style=\"padding-left: 30px;\">Chris betrachtet die Welt ebenso neugierig wie aber auch kritisch und seine kritische Art auf die Welt und sich selbst zu achten ist ziemlich ansteckend. Wohl ein Grund, warum wir nicht mit dem Flugzeug fliegen wollen. Ich bin dankbar einen so tollen Menschen an meine Seite gestellt zu bekommen. &#8211; Auf geht&#8217;s!<\/p>\r\n\r\n\r\n\r\n<div class=\"wp-block-media-text alignwide\" style=\"grid-template-columns: 43% auto;\">\r\n<figure class=\"wp-block-media-text__media\"><img decoding=\"async\" loading=\"lazy\" width=\"1024\" height=\"979\" class=\"wp-image-60\" src=\"http:\/\/lichri.radeln-in-den-sonnenaufgang.de\/wp-content\/uploads\/2019\/02\/Schweden-12-1024x979.jpg\" alt=\"\" srcset=\"http:\/\/lichri.radeln-in-den-sonnenaufgang.de\/wp-content\/uploads\/2019\/02\/Schweden-12-1024x979.jpg 1024w, http:\/\/lichri.radeln-in-den-sonnenaufgang.de\/wp-content\/uploads\/2019\/02\/Schweden-12-300x287.jpg 300w, http:\/\/lichri.radeln-in-den-sonnenaufgang.de\/wp-content\/uploads\/2019\/02\/Schweden-12-768x735.jpg 768w, http:\/\/lichri.radeln-in-den-sonnenaufgang.de\/wp-content\/uploads\/2019\/02\/Schweden-12.jpg 1195w\" sizes=\"(max-width: 767px) 89vw, (max-width: 1000px) 54vw, (max-width: 1071px) 543px, 580px\" \/><\/figure>\r\n<div class=\"wp-block-media-text__content\">\r\n<h5>Chris \u00fcber Lisa<\/h5>\r\n\r\n\r\n\r\n<p>Seit ich Lisa kenne &#8211; und das sind immerhin schon fast 13 Jahre &#8211; habe ich das Gef\u00fchl, dass sie von Innen her leuchtet. Ihr liebe- und vertrauensvolles Wesen erbaut, ermutigt und inspiriert mich auch nach den vielen Jahren noch. Aber Lisa ist bei Leibe keine zarte unschuldige Blume, sie ist eine K\u00e4mpferin.<\/p>\r\n<\/div>\r\n<\/div>\r\n\r\n\r\n\r\n<p>Sei es, dass sie sich wie eine L\u00f6win vor ihre Sch\u00fctzlinge stellt (sie ist Sozialarbeiterin) oder sich leidenschaftlich gegen gesellschaftliches Unrecht und f\u00fcr ein empathischeres und verantwortungsvolleres Miteinander engagiert. Besonders letzteres fasziniert mich zunehmend an meiner Frau. Mit ihrer, teilweise wunderbar trockenen, humorvollen Art schafft sie es zudem, immer wieder auf&#8217;s Neue, mich aus meiner gelegentlichen Miesepetrichkeit herauszuholen, indem sie mich gekonnt spiegelt und locker auf den Arm nimmt &#8211; oder einfach auslacht. Echt fies &#8211; aber es wirkt. \ud83d\ude09<\/p>\r\n\r\n\r\n\r\n<p>Da ich mich leicht in Tr\u00e4umereien verlieren und ins Schw\u00e4rmen kommen kann, ist es wom\u00f6glich ganz gut, dass Lisa meist mit einem schmerzhaft realistisch-skeptischen Blick meine immer neuen Pl\u00e4ne kontert. W\u00e4hrend ich sie gerne aus ihrer Komfortzone hole, ist sie es, die mich das eine oder andere mal wieder zu Vernunft bringt. So erg\u00e4nzen wir uns perfekt &#8211; auch wenn die Kompromissfindung f\u00fcr beide etwas anstrengend werden kann.<\/p>\r\n","protected":false},"excerpt":{"rendered":"<p>\u00a0Hi, wir sindChris &amp; Lisa&#8211; die Weltreisenden &#8211; Lisa \u00fcber Chris Der Mann, der nicht erwachsen werden m\u00f6chte &#8211; zumindest in manchen Lebensbereichen. Er ist jemand, der in kurzer Zeit dein Herz erobern kann durch seine offene Art.\u00a0 Er ist der Abenteurer von uns beiden &#8211; neugierig und manchmal ziemlich rastlos. In der Natur geht &hellip; <\/p>\n<p class=\"link-more\"><a href=\"http:\/\/lichri.radeln-in-den-sonnenaufgang.de\/?page_id=18\" class=\"more-link\"><span class=\"screen-reader-text\">\u201e&#8222;2&#8220;: Lisa &#038; Chris\u201c<\/span> weiterlesen<\/a><\/p>\n","protected":false},"author":3,"featured_media":42,"parent":0,"menu_order":1,"comment_status":"closed","ping_status":"closed","template":"","meta":[],"_links":{"self":[{"href":"http:\/\/lichri.radeln-in-den-sonnenaufgang.de\/index.php?rest_route=\/wp\/v2\/pages\/18"}],"collection":[{"href":"http:\/\/lichri.radeln-in-den-sonnenaufgang.de\/index.php?rest_route=\/wp\/v2\/pages"}],"about":[{"href":"http:\/\/lichri.radeln-in-den-sonnenaufgang.de\/index.php?rest_route=\/wp\/v2\/types\/page"}],"author":[{"embeddable":true,"href":"http:\/\/lichri.radeln-in-den-sonnenaufgang.de\/index.php?rest_route=\/wp\/v2\/users\/3"}],"replies":[{"embeddable":true,"href":"http:\/\/lichri.radeln-in-den-sonnenaufgang.de\/index.php?rest_route=%2Fwp%2Fv2%2Fcomments&post=18"}],"version-history":[{"count":17,"href":"http:\/\/lichri.radeln-in-den-sonnenaufgang.de\/index.php?rest_route=\/wp\/v2\/pages\/18\/revisions"}],"predecessor-version":[{"id":76,"href":"http:\/\/lichri.radeln-in-den-sonnenaufgang.de\/index.php?rest_route=\/wp\/v2\/pages\/18\/revisions\/76"}],"wp:featuredmedia":[{"embeddable":true,"href":"http:\/\/lichri.radeln-in-den-sonnenaufgang.de\/index.php?rest_route=\/wp\/v2\/media\/42"}],"wp:attachment":[{"href":"http:\/\/lichri.radeln-in-den-sonnenaufgang.de\/index.php?rest_route=%2Fwp%2Fv2%2Fmedia&parent=18"}],"curies":[{"name":"wp","href":"https:\/\/api.w.org\/{rel}","templated":true}]}}

<p style="text-align: center;"> Hi, wir sind<br /><strong>Chris &amp; Lisa</strong><br /><em>&#8211; die Weltreisenden &#8211;</em></p>

<div class="wp-block-media-text alignwide has-media-on-the-right" style="grid-template-columns: auto 42%;">
<figure class="wp-block-media-text__media"><img decoding="async" loading="lazy" width="1024" height="729" class="wp-image-61" src="http://lichri.radeln-in-den-sonnenaufgang.de/wp-content/uploads/2019/02/Schweden-13-1024x729.jpg" alt="" srcset="http://lichri.radeln-in-den-sonnenaufgang.de/wp-content/uploads/2019/02/Schweden-13-1024x729.jpg 1024w, http://lichri.radeln-in-den-sonnenaufgang.de/wp-content/uploads/2019/02/Schweden-13-300x214.jpg 300w, http://lichri.radeln-in-den-sonnenaufgang.de/wp-content/uploads/2019/02/Schweden-13-768x547.jpg 768w, http://lichri.radeln-in-den-sonnenaufgang.de/wp-content/uploads/2019/02/Schweden-13.jpg 1361w" sizes="(max-width: 767px) 89vw, (max-width: 1000px) 54vw, (max-width: 1071px) 543px, 580px" /></figure>
<div class="wp-block-media-text__content">
<h5>Lisa über Chris</h5>



<p>Der Mann, der nicht erwachsen werden möchte &#8211; zumindest in manchen Lebensbereichen. Er ist jemand, der in kurzer Zeit dein Herz erobern kann durch seine offene Art.  Er ist der Abenteurer von uns beiden &#8211; neugierig und manchmal ziemlich rastlos.</p>
</div>
</div>



<p style="padding-left: 30px;">In der Natur geht es ihm gut. Stundenlang kann er im Wald verschwinden um Biber zu beobachten und die Frau fragt sich zuhause, wo er denn steckt. Chris hat nicht verlernt zu spielen &#8211; ein großes Privileg für einen Ende Zwanziger. Immer wieder fordert er mich heraus neues zu wagen und unbekannte Wege zu gehen. Wie auch jetzt bei dieser Reise wieder. Das ist ein Punkt, der für mich ziemlich anstrengend sein kann, für den ich aber auch extrem dankbar bin!</p>



<p style="padding-left: 30px;">Chris betrachtet die Welt ebenso neugierig wie aber auch kritisch und seine kritische Art auf die Welt und sich selbst zu achten ist ziemlich ansteckend. Wohl ein Grund, warum wir nicht mit dem Flugzeug fliegen wollen. Ich bin dankbar einen so tollen Menschen an meine Seite gestellt zu bekommen. &#8211; Auf geht&#8217;s!</p>



<div class="wp-block-media-text alignwide" style="grid-template-columns: 43% auto;">
<figure class="wp-block-media-text__media"><img decoding="async" loading="lazy" width="1024" height="979" class="wp-image-60" src="http://lichri.radeln-in-den-sonnenaufgang.de/wp-content/uploads/2019/02/Schweden-12-1024x979.jpg" alt="" srcset="http://lichri.radeln-in-den-sonnenaufgang.de/wp-content/uploads/2019/02/Schweden-12-1024x979.jpg 1024w, http://lichri.radeln-in-den-sonnenaufgang.de/wp-content/uploads/2019/02/Schweden-12-300x287.jpg 300w, http://lichri.radeln-in-den-sonnenaufgang.de/wp-content/uploads/2019/02/Schweden-12-768x735.jpg 768w, http://lichri.radeln-in-den-sonnenaufgang.de/wp-content/uploads/2019/02/Schweden-12.jpg 1195w" sizes="(max-width: 767px) 89vw, (max-width: 1000px) 54vw, (max-width: 1071px) 543px, 580px" /></figure>
<div class="wp-block-media-text__content">
<h5>Chris über Lisa</h5>



<p>Seit ich Lisa kenne &#8211; und das sind immerhin schon fast 13 Jahre &#8211; habe ich das Gefühl, dass sie von Innen her leuchtet. Ihr liebe- und vertrauensvolles Wesen erbaut, ermutigt und inspiriert mich auch nach den vielen Jahren noch. Aber Lisa ist bei Leibe keine zarte unschuldige Blume, sie ist eine Kämpferin.</p>
</div>
</div>



<p>Sei es, dass sie sich wie eine Löwin vor ihre Schützlinge stellt (sie ist Sozialarbeiterin) oder sich leidenschaftlich gegen gesellschaftliches Unrecht und für ein empathischeres und verantwortungsvolleres Miteinander engagiert. Besonders letzteres fasziniert mich zunehmend an meiner Frau. Mit ihrer, teilweise wunderbar trockenen, humorvollen Art schafft sie es zudem, immer wieder auf&#8217;s Neue, mich aus meiner gelegentlichen Miesepetrichkeit herauszuholen, indem sie mich gekonnt spiegelt und locker auf den Arm nimmt &#8211; oder einfach auslacht. Echt fies &#8211; aber es wirkt. 😉</p>



<p>Da ich mich leicht in Träumereien verlieren und ins Schwärmen kommen kann, ist es womöglich ganz gut, dass Lisa meist mit einem schmerzhaft realistisch-skeptischen Blick meine immer neuen Pläne kontert. Während ich sie gerne aus ihrer Komfortzone hole, ist sie es, die mich das eine oder andere mal wieder zu Vernunft bringt. So ergänzen wir uns perfekt &#8211; auch wenn die Kompromissfindung für beide etwas anstrengend werden kann.</p>

<p> Hi, wir sindChris &amp; Lisa&#8211; die Weltreisenden &#8211; Lisa über Chris Der Mann, der nicht erwachsen werden möchte &#8211; zumindest in manchen Lebensbereichen. Er ist jemand, der in kurzer Zeit dein Herz erobern kann durch seine offene Art.  Er ist der Abenteurer von uns beiden &#8211; neugierig und manchmal ziemlich rastlos. In der Natur geht &hellip; </p>
<p class="link-more"><a href="http://lichri.radeln-in-den-sonnenaufgang.de/?page_id=18" class="more-link"><span class="screen-reader-text">„&#8222;2&#8220;: Lisa &#038; Chris“</span> weiterlesen</a></p>
